posite number?
False
Is 1562689 prime?
False
Is 2632273 a composite number?
True
Is 42647863 a composite number?
False
Is 261716753 a prime number?
False
Is 59276393 prime?
False
Is 617951 composite?
False
Is 3287071 a prime number?
True
Is 13285079 composite?
False
Is 48662099 prime?
False
Is 3681499 a composite number?
False
Is 57543877 prime?
True
Is 41552959 composite?
True
Is 23926937 a prime number?
False
Is 31812511 composite?
True
Is 232451 a composite number?
False
Is 3330191 prime?
False
Is 958113445 composite?
True
Is 2934401 a composite number?
False
Is 653599 prime?
False
Is 431617 a composite number?
False
Is 78015413 composite?
True
Is 2786909 a prime number?
True
Is 212452301 a composite number?
True
Is 285661 a prime number?
True
Is 14790973 prime?
False
Is 7671662 a composite number?
True
Is 404821463 composite?
False
Is 1812976145 a prime number?
False
Is 7440673 a prime number?
False
Is 397073 a composite number?
False
Is 49522619 prime?
True
Is 6194939 composite?
False
Is 3352093 composite?
False
Is 94195391 composite?
True
Is 278384131 prime?
True
Is 19725527 a composite number?
False
Is 29543677 prime?
False
Is 120987883 a composite number?
True
Is 1559267 a composite number?
False
Is 11958719 prime?
False
Is 781019 composite?
True
Is 1077499 a composite number?
False
Is 5223989 a prime number?
False
Is 5452067 composite?
False
Is 36401839 a prime number?
False
Is 46983401 a composite number?
True
Is 9070213 a prime number?
False
Is 9164917 a prime number?
True
Is 31013 a composite number?
False
Is 65922677 a composite number?
True
Is 10462313 prime?
True
Is 24273493 prime?
False
Is 919337 a composite number?
False
Is 108549323 prime?
True
Is 6321543 prime?
False
Is 178847 prime?
False
Is 459089 a composite number?
False
Is 5612539 a composite number?
False
Is 296662213 composite?
False
Is 326390187 a prime number?
False
Is 19129861 prime?
True
Is 149137 a composite number?
True
Is 4080341 a composite number?
False
Is 3005671 a prime number?
True
Is 387486181 a prime number?
True
Is 347944339 composite?
False
Is 370561 a prime number?
True
Is 262331359 prime?
False
Is 617107 a composite number?
False
Is 1396183 a composite number?
False
Is 12963563 a prime number?
True
Is 12640601 prime?
True
Is 473868779 a composite number?
False
Is 16936537 a composite number?
True
Is 166611349 prime?
True
Is 90399839 composite?
False
Is 88895467 composite?
True
Is 88695181 composite?
False
Is 620099 composite?
False
Is 80139671 prime?
True
Is 263445731 a prime number?
False
Is 164710003 prime?
True
Is 2704621 a prime number?
False
Is 14321873 composite?
False
Is 9250009 prime?
True
Is 33071971 prime?
True
Is 113792383 a composite number?
False
Is 13087397 prime?
False
Is 152510885 prime?
False
Is 2899417 a composite number?
False
Is 373100437 a prime number?
False
Is 56645249 composite?
False
Is 1830163 composite?
False
Is 91463627 a prime number?
False
Is 156487181 composite?
False
Is 3256369 a prime number?
True
Is 2957621 composite?
False
Is 11519501 prime?
False
Is 3967591 prime?
False
Is 61663961 prime?
False
Is 23761637 composite?
False
Is 389720969 a composite number?
True
Is 7993483 prime?
False
Is 13829 a prime number?
True
Is 8727829 composite?
True
Is 8420843 composite?
False
Is 5236346 composite?
True
Is 38550437 a composite number?
False
Is 884743 a prime number?
True
Is 303538 a prime number?
False
Is 35116057 a composite number?
True
Is 318624695 a composite number?
True
Is 380967889 prime?
True
Is 73422893 composite?
False
Is 10153823 a prime number?
True
Is 250794109 prime?
False
Is 834683713 a composite number?
True
Is 3543235 a composite number?
True
Is 543009199 composite?
True
Is 85679 composite?
True
Is 311052839 composite?
True
Is 12396863 a prime number?
True
Is 250804483 prime?
True
Is 57475997 a prime number?
False
Is 10453649 composite?
True
Is 1217561 prime?
True
Is 322933 composite?
True
Is 34512661 a prime number?
True
Is 571213883 prime?
False
Is 260697953 composite?
True
Is 117126551 a prime number?
True
Is 7599967 a prime number?
False
Is 243263315 prime?
False
Is 1087343 a prime number?
False
Is 8419967 prime?
True
Is 10474199 a prime number?
True
Is 9092605 prime?
False
Is 119031719 composite?
False
Is 4021261 a prime number?
True
Is 3135617 a prime number?
True
Is 19852289 composite?
True
Is 1199381 prime?
False
Is 158119085 a prime number?
False
Is 1677373 a prime number?
False
Is 1306329369 prime?
False
Is 4374059 a prime number?
True
Is 2751691 prime?
False
Is 1743634 prime?
False
Is 4576291 prime?
False
Is 216208559 composite?
True
Is 48540857 composite?
False
Is 7308383 a prime number?
False
Is 19377541 a prime number?
True
Is 25206871 a composite number?
False
Is 5455193 prime?
True
Is 328579 composite?
False
Is 30117011 prime?
True
Is 2620777 composite?
True
Is 2146931 a prime number?
False
Is 27783959 prime?
False
Is 839941 a prime number?
False
Is 8987827 prime?
False
Is 77431009 a prime number?
True
Is 48736651 a composite number?
False
Is 109179379 a prime number?
True
Is 72111863 prime?
False
Is 210105587 a prime number?
False
Is 212307497 a composite number?
True
Is 434882503 prime?
False
Is 864407 composite?
False
Is 121421317 a composite number?
False
Is 417847259 a prime number?
False
Is 16912919 a composite number?
False
Is 8208029 prime?
False
Is 191383631 a prime number?
True
Is 50149573 a prime number?
True
Is 9885889 a prime number?
False
Is 660370981 a composite number?
False
Is 946943 composite?
False
Is 2348803 prime?
False
Is 21239719 a prime number?
False
Is 4581733 composite?
True
Is 3318409 a composite number?
False
Is 16178521 composite?
False
Is 20392577 a composite number?
False
Is 93477667 composite?
False
Is 3984077 composite?
True
Is 46453303 a composite number?
True
Is 1734059 a prime number?
False
Is 51788337 a prime number?
False
Is 3162461 a prime number?
False
Is 3772801 prime?
True
Is 24891991 composite?
False
Is 26968631 prime?
True
Is 63037441 prime?
False
Is 4353989 a composite number?
True
Is 3463727 a composite number?
False
Is 6993187 composite?
False
Is 700993 a composite number?
False
Is 1799591 composite?
False
Is 670177 a prime number?
True
Is 6218477 composite?
False
Is 3146459 a prime number?
True
Is 8392423 composite?
True
Is 2054621 composite?
True
Is 207715957 a prime number?
False
Is 167776783 a prime number?
False
Is 6127593 a composite number?
True
Is 115513291 prime?
False
Is 4173461 a composite number?
True
Is 67859717 a prime number?
True
Is 32187973 prime?
True
Is 3861167 prime?
True
Is 55279859 composite?
True
Is 25256391 a prime number?
False
Is 22417069 a composite number?
True
Is 559631 a composite number?
False
Is 12049717 prime?
True
Is 33919471 a composite number?
True
Is 5560301 composite?
False
Is 160640569 a prime number?
False
Is 30835783 a prime number?
False
Is 995003 a composite number?
True
Is 476232743 composite?
True
Is 5216879 prime?
False
Is 79415359 prime?
False
Is 601223 a composite number?
True
Is 9556097 a prime number?
False
Is 369488341 composite?
True
Is 10023991 a composite number?
False
Is 3996823 a composite number?
True
Is 2809871 prime?
False
Is 5603833 composite?
True
Is 132017 composite?
True
Is 3494161 a composite number?
True
Is 22630227 a prime number?
False
Is 5761549 a composite number?
True
Is 9097973 a prime number?
False
Is 49355674 prime?
False
Is 3562193 a composite number?
False
Is 2743287 prime?
False
Is 5024579 prime?
False
Is 228829697 composite?
True
Is 355020371 prime?
False
Is 43778971 a prime number?
False
Is 6835979 composite?
False
Is 262795699 prime?
True
Is 15926213 prime?
True
Is 12387523 composite?
True
Is 311437 a composite number?
True
Is 7246871 a prime number?
True
Is 10271299 composite?
True
Is 944191 prime?
True
Is 5263537 a composite number?
True
Is 222963557 prime?
False
Is 200563 a prime number?
False
Is 917260931 a composite number?
False
Is 176132501 composite?
False
Is 10066117 a prime number?
True
Is 26138179 prime?
True
Is 2926051 composite?
False
Is 29005909 a composite number?
True
Is 3617035 a composite number?
True
Is 24883 a prime number?
False
Is 2375033 a composite number?
False
Is 1650007 prime?
False
Is 1446905 a composite number?
True
Is 279015749 a comp